t common divisor of 71 and 53676.
71
What is the greatest common factor of 316 and 20224?
316
What is the greatest common divisor of 1788 and 24?
12
What is the highest common divisor of 270 and 4670?
10
Calculate the highest common divisor of 128 and 15136.
32
What is the greatest common divisor of 2709 and 603333?
387
What is the greatest common factor of 8512 and 78204?
532
Calculate the greatest common divisor of 24991 and 335.
67
Calculate the greatest common factor of 3 and 6942.
3
Calculate the highest common divisor of 1818 and 23526.
18
Calculate the highest common factor of 9 and 1008558.
9
What is the highest common factor of 294 and 4522896?
294
What is the highest common factor of 10149 and 714?
51
Calculate the highest common factor of 784 and 12397.
49
Calculate the greatest common factor of 16 and 1842448.
16
Calculate the highest common divisor of 189572 and 249.
83
Calculate the highest common divisor of 157631 and 7798.
557
What is the highest common divisor of 2418426 and 174?
174
What is the greatest common divisor of 724 and 4983292?
724
What is the highest common factor of 3 and 290637?
3
Calculate the highest common divisor of 1102 and 299554.
38
Calculate the greatest common factor of 28710 and 50.
10
Calculate the highest common divisor of 1841 and 32875.
263
Calculate the highest common factor of 460 and 572056.
92
Calculate the greatest common divisor of 6348 and 108.
12
What is the highest common factor of 289 and 4012?
17
What is the highest common divisor of 131242 and 1266?
422
What is the highest common divisor of 35 and 6671?
7
Calculate the greatest common factor of 1005018 and 21.
21
Calculate the greatest common divisor of 12482 and 1.
1
Calculate the highest common factor of 7452 and 2592.
324
What is the greatest common divisor of 135 and 19935?
45
What is the greatest common divisor of 143 and 44?
11
Calculate the highest common factor of 260 and 168090.
130
Calculate the greatest common factor of 1072 and 69144.
536
Calculate the greatest common divisor of 1225994 and 616.
154
Calculate the greatest common factor of 70 and 101570.
70
Calculate the highest common divisor of 2652 and 1059916.
884
Calculate the highest common factor of 893713 and 67.
67
Calculate the highest common divisor of 50 and 63725.
25
Calculate the highest common divisor of 67465 and 3605.
515
Calculate the highest common divisor of 19110 and 1560.
390
Calculate the greatest common factor of 628 and 72.
4
Calculate the greatest common divisor of 165 and 3447.
3
What is the greatest common divisor of 1744296 and 32?
8
What is the highest common factor of 609 and 16632?
21
What is the greatest common factor of 74 and 295186?
74
What is the greatest common divisor of 49 and 3073?
7
What is the greatest common factor of 852 and 300?
12
What is the greatest common factor of 792 and 950796?
396
What is the greatest common divisor of 2820 and 7620?
60
What is the highest common divisor of 1386 and 85176?
126
Calculate the highest common factor of 134684 and 1188.
44
Calculate the highest common factor of 62560 and 85.
85
Calculate the highest common divisor of 3429 and 117983.
127
What is the highest common divisor of 9849 and 253059?
201
What is the greatest common divisor of 106192 and 48?
16
What is the highest common divisor of 15844 and 204?
68
Calculate the greatest common factor of 2608 and 440.
8
What is the highest common factor of 141 and 1586579?
47
Calculate the greatest common divisor of 45450 and 3535.
505
What is the greatest common divisor of 2279 and 1643?
53
What is the highest common divisor of 366345 and 1260?
315
Calculate the greatest common divisor of 20 and 3566.
2
Calculate the greatest common divisor of 32 and 47968.
32
What is the highest common divisor of 48 and 849228?
12
Calculate the highest common divisor of 510 and 102.
102
Calculate the greatest common divisor of 1012 and 223744.
92
Calculate the greatest common factor of 228600 and 12600.
1800
Calculate the highest common divisor of 57896 and 52.
4
Calculate the greatest common divisor of 4610700 and 25.
25
What is the greatest common divisor of 172159 and 1292?
323
What is the highest common factor of 16092 and 108?
108
Calculate the highest common divisor of 680281 and 14.
7
What is the greatest common factor of 1647 and 144387?
549
What is the highest common divisor of 64418 and 62?
62
What is the greatest common factor of 344750 and 5000?
250
What is the greatest common factor of 158 and 100330?
158
Calculate the highest common factor of 5463251 and 193.
193
What is the highest common factor of 59 and 27199?
59
What is the highest common divisor of 177694 and 16942?
394
What is the greatest common divisor of 24739 and 429?
143
Calculate the highest common divisor of 324 and 444933.
81
Calculate the highest common divisor of 63233 and 74.
37
What is the highest common factor of 880 and 21726320?
880
Calculate the highest common divisor of 228 and 37500.
12
Calculate the greatest common divisor of 2891 and 12299.
49
Calculate the highest common divisor of 966 and 98826.
42
What is the highest common divisor of 22014 and 57?
3
Calculate the greatest common factor of 1016 and 52070.
254
What is the greatest common factor of 371 and 170289?
371
What is the greatest common divisor of 206 and 27501?
103
What is the highest common factor of 198 and 2593899?
99
What is the highest common factor of 129 and 48117?
129
What is the greatest common divisor of 78364 and 78?
26
What is the greatest common divisor of 29300 and 325?
25
What is the highest common divisor of 406 and 40397?
203
What is the greatest common divisor of 89052 and 2460?
492
What is the highest common factor of 283611 and 402?
201
Calculate the highest common factor of 14022 and 20862.
342
Calculate the highest common factor of 2213446 and 122.
122
What is the greatest common factor of 3093915 and 51?
51
Calculate the highest common factor of 80 and 5905.
5
Calculate the highest common factor of 5186 and 6.
2
Calculate the greatest common divisor of 9975 and 228.
57
Calculate the greatest common divisor of 12384 and 86086.
86
What is the greatest common factor of 2412 and 12456?
36
What is the highest common divisor of 1844 and 1889639?
461
What is the highest common factor of 10 and 1165220?
10
What is the highest common factor of 9764 and 56?
4
Calculate the greatest common factor of 444 and 25212.
12
Calculate the highest common divisor of 2835 and 357.
21
Calculate the highest common factor of 27328 and 672.
224
What is the greatest common factor of 250 and 101000?
250
What is the highest common divisor of 49662 and 1302?
186
What is the highest common factor of 1398156 and 3216?
804
Calculate the greatest common factor of 96 and 20817.
3
What is the highest common divisor of 35535 and 6555?
345
Calculate the greatest common factor of 50 and 819010.
10
What is the highest common divisor of 117 and 1396044?
117
Calculate the highest common factor of 200 and 5120.
40
What is the greatest common divisor of 76330 and 170?
170
What is the greatest common factor of 52572 and 156?
156
What is the highest common divisor of 555 and 224701?
37
Calculate the highest common factor of 273504 and 1120.
224
What is the greatest common factor of 21320 and 404?
4
Calculate the highest common divisor of 153652 and 428.
428
Calculate the highest common divisor of 87278 and 604.
302
What is the highest common divisor of 174064 and 258?
86
What is the highest common factor of 1715 and 545?
5
Calculate the highest common factor of 106477 and 36736.
287
What is the greatest common divisor of 117 and 1765647?
117
What is the greatest common factor of 1115 and 1480943?
223
Calculate the greatest common divisor of 56 and 1217468.
28
Calculate the highest common divisor of 12 and 155436.
12
What is the highest common factor of 1893 and 133772?
631
Calculate the highest common factor of 1874 and 1670.
2
Calculate the highest common divisor of 776118 and 119.
119
Calculate the highest common factor of 734 and 954934.
734
Calculate the greatest common divisor of 990 and 31950.
90
Calculate the highest common divisor of 485172 and 63.
9
What is the highest common divisor of 801 and 1398?
3
Calculate the greatest co